e factors of 5/1 + (q - -1).
3
Let l(v) = -v + 10 - 2*v + v + v. Let c be l(8). Suppose r - 26 = -c*o - 2*r, -3*o - 4*r = -39. List the prime factors of o.
13
Let g(j) = -j - 7. Let v be g(-5). Let b be (-8)/(-3 - -2) + v. Suppose -b*x + 32 = -2*x. List the prime factors of x.
2
Suppose 0*w - 3*w = 3*f - 420, -4*f - 5*w + 558 = 0. List the prime factors of f.
2, 71
Suppose -527 = -4*x - 3*i, 2*x - 4*i = 5*x - 404. Suppose -4*s - 5*g = -x - 17, 2*s + 5*g = 65. What are the prime factors of s?
2, 5
Let s(f) = 3 - 5*f + 1 - 2*f**2 + 3*f**2. Let h be s(3). List the prime factors of (2 + (-22)/4)*h.
7
Let g = 87 - -14. List the prime factors of g.
101
What are the prime factors of (10/3)/((-3)/(-45))?
2, 5
Let i(q) = -q**2 + 12*q. Let u be i(12). Suppose u = 3*l - t - 97, -5*t = -4*l - 2*t + 126. List the prime factors of l.
3, 11
Suppose -6*d + d - w = 3, 0 = 4*d - 5*w - 15. Suppose d*y = y - 16. What are the prime factors of y?
2
Suppose -12*y - 46 = -250. List the prime factors of y.
17
Let w(n) be the second derivative of n**5/20 + 13*n**4/12 - 8*n**3/3 + 7*n**2 - 10*n. What are the prime factors of w(-14)?
2, 3, 7
Let x(d) = -d**3 + d**2 - d + 10. Let l be x(0). Suppose 0 = z + 4*z - l. What are the prime factors of z?
2
Suppose -d - 18 = -2*x - 4*d, -10 = -3*x + 4*d. Suppose i - x = -i. Suppose 0 = -j + i + 4. List the prime factors of j.
7
Let c(o) = 7*o**3 - 4*o**2 + 2*o + 2. Let d be c(3). Suppose 3*h = 4*w + 76 + 68, -5*w + d = 4*h. Suppose -4*u + 12 = -h. List the prime factors of u.
2, 7
Let o = 0 - -5. Suppose -17 = -o*m - 2. Suppose 0 = -m*w - 4 + 28. What are the prime factors of w?
2
Let p = 89 + -55. What are the prime factors of p?
2, 17
Let m(o) = o**2 - o. Let i be m(2). Let b(n) = n**2 + 4*n + 3. Let c be b(-3). Suppose h + c*h = i. List the prime factors of h.
2
Let n = 47 - 28. List the prime factors of n.
19
Suppose -5*t = -2*m - 34, 2*m + m - 12 = -3*t. Suppose -4*g - 32 = -t*g. What are the prime factors of g?
2
Suppose -5 = -4*f + 3. Suppose -2*k = f*k - 2*z - 102, -z + 5 = 0. What are the prime factors of k?
2, 7
Let s be (-3 + 1)*(-6)/(-4). Let m be (-2 - -11)/s*-1. Suppose m - 13 = -2*x - 2*d, x - 6 = -2*d. What are the prime factors of x?
2
Suppose -5*g + 81 = a, -4*g = 1 - 5. What are the prime factors of a?
2, 19
Suppose -222 = 8*a - 11*a. What are the prime factors of a?
2, 37
Suppose 0 = -5*x + 2*z + 26 + 2, -5*z = 3*x + 8. Suppose -5*m = -2*l, -l = x*m - 4*l. Let s = 2 - m. What are the prime factors of s?
2
Let l(i) = i**2 - 2*i + 7. Let d be -2 + 21/(-6)*-2. List the prime factors of l(d).
2, 11
Let p(v) = v**2 - 4. Let j(l) = -2*l**2 - 2*l + 5. Let s(q) = -6*q**2 - 6*q + 14. Let y(m) = 11*j(m) - 4*s(m). Let i be y(1). List the prime factors of p(i).
5
List the prime factors of ((-4)/5)/((-16488)/2745 + 6).
2, 61
Let u = 56 - 7. What are the prime factors of u?
7
Suppose -2*k + 4*k - 70 = 0. List the prime factors of k.
5, 7
Let v = 142 - 99. List the prime factors of v.
43
Suppose 0 = -v + c + 1, c = 4*c. Let k = v + 7. What are the prime factors of k?
2
Let p(l) = l**3 + 3*l**2 - l + 1. Let o(v) = -v - 12. Let m be o(-10). List the prime factors of p(m).
7
Let g = -7 + 31. Let x be (-27)/2*g/(-9). Suppose -4*a = -0*a - x. What are the prime factors of a?
3
Suppose 3*d + 3*m + 1 + 5 = 0, -4*m - 9 = 5*d. What are the prime factors of -6*8/6*d?
2
Let x be (-66)/24*(-1 - -5). Let a(d) = d**3 + 11*d**2 - d + 13. List the prime factors of a(x).
2, 3
Suppose 3*r + 0*r - 24 = 0. List the prime factors of r.
2
Suppose 0 = -h - 2*h + 132. What are the prime factors of h?
2, 11
Let i be (-3)/(-12) - (-429)/12. Let b = -20 + i. List the prime factors of b.
2
Suppose -2*r + 35 = o, -r + 11*o = 6*o - 23. List the prime factors of r.
2, 3
Let p be 3 - (-2)/(-2) - -2. Suppose -t + 0*t - 3*r = 2, -2 = t + 2*r. What are the prime factors of 2 - (2/t - p)?
7
Let r = 39 - 24. Suppose 0 = 4*t + t - r. List the prime factors of t.
3
Let o(s) = -4*s - 6. Let f be o(-4). List the prime factors of 940/25 - 6/f.
37
Suppose 0 = j - 4*j - 4*z + 54, -2*z - 36 = -3*j. What are the prime factors of j?
2, 7
Let y = -4 + 177. List the prime factors of y.
173
Let q = 17 - 2. List the prime factors of q.
3, 5
List the prime factors of (-1 + (-38 - 1))/(-1).
2, 5
Suppose -6*u + 877 - 187 = 0. List the prime factors of u.
5, 23
Let i be -1*2*(-15)/(-10). Let q(w) = -w**3 - 2*w**2 + w + 4. List the prime factors of q(i).
2, 5
Suppose -412 = -4*j - 4*a + 3*a, 2*a = 2*j - 196. Let i be (j/15)/((-2)/(-10)). Suppose 3*z + z = -5*m + 8, -2*z + 5*m = -i. List the prime factors of z.
7
What are the prime factors of (-23 + 3)*15/(-20)?
3, 5
Suppose -u + 0 = 2. Let m be 1/u - (-50)/4. What are the prime factors of (m/(-7))/((-5)/35)?
2, 3
Suppose -3*f = -r - 22, r - 5*f = 3*r + 55. Let i = r - -41. What are the prime factors of i?
2
Let l = 26 - 44. List the prime factors of (l/(-6))/((-2)/(-6)).
3
Let k = 27 - 16. Let d = k + -6. Let m = 6 + d. What are the prime factors of m?
11
What are the prime factors of (6/(-4))/((-12)/1616)?
2, 101
Suppose 2*u - 2 = 3*s, s = -3*s - u + 12. Let m(x) = -3 - s*x - 1 + 2. What are the prime factors of m(-2)?
2
Let m(v) = -v**2 + 14*v - 11. List the prime factors of m(6).
37
List the prime factors of (2/(24/(-450)))/((-2)/16).
2, 3, 5
Let g = 576 - 276. What are the prime factors of g?
2, 3, 5
Let f(p) = 3*p - 2. What are the prime factors of f(5)?
13
Let c(k) = k**3 - 9*k**2 + 8*k - 9. Let l be c(8). Let j = 6 + l. Let a = 13 + j. List the prime factors of a.
2, 5
Suppose 5*r + g = 373 + 273, 2*r - 5*g - 280 = 0. List the prime factors of r.
2, 5, 13
Suppose 0 = -3*b - 15, -2*m + 3*m - b = 165. What are the prime factors of m?
2, 5
Let z = 182 - 105. What are the prime factors of z?
7, 11
Let y = 23 - -37. List the prime factors of y.
2, 3, 5
Let r = -7 + 3. Let t(a) = a**3 + 3*a**2 - 5*a + 1. What are the prime factors of t(r)?
5
Let t(u) = u**2 + 2*u - 2. Let f be t(-6). Suppose -4*d - z + 2*z = -f, -4*z = 2*d - 20. List the prime factors of d.
2, 3
Let s = 0 - -3. Suppose -4*u - s*a = -114, -3*a = u - 6 - 27. What are the prime factors of u?
3
Let f = 12 - 2. List the prime factors of f.
2, 5
Suppose 30 = 2*r - 4*x + 80, -x - 68 = 3*r. Let t = -11 - r. What are the prime factors of t?
2, 3
Let b = -68 + 218. Suppose 2*m + 3*m = b. List the prime factors of m.
2, 3, 5
Let a(z) = 8*z - 9. Let u be a(-6). Let b = -29 - u. List the prime factors of b.
2, 7
Let j(z) = -z**2 + 21*z - 39. List the prime factors of j(16).
41
Suppose 2*m - 44 = -2*m. Let b(a) = -a**3 + 10*a**2 + 12*a - 4. What are the prime factors of b(m)?
7
Let q be (-20)/3 + 2/(-6). Let z = -2 - q. What are the prime factors of z?
5
Let u be 2/(-3) + 7/(-21). Let y = -6 + u. List the prime factors of (-3 - y) + (-1)/1.
3
Suppose 10*g = 5*g - 5*u + 10, 0 = -4*g - 5*u + 5. Suppose z + 61 = -g*r, 5*r + 51 = r - 3*z. List the prime factors of (r/(-7))/((-2)/(-7)).
2, 3
Let z = -143 - -97. What are the prime factors of (-4 - -2)/(4/z)?
23
Let w = -17 + 18. Let x(o) = o + 1. Let t be x(6). Suppose -z + t = w. What are the prime factors of z?
2, 3
Let v be (2/(-4))/((-1)/(-10)). Let b be 0 + -2 + -1 - v. Suppose 4*c + w = 73, -1 = c - 4*w + b. List the prime factors of c.
17
Suppose 51*n - 109 = 50*n. List the prime factors of n.
109
Let v = 44 - 20. List the prime factors of v.
2, 3
Suppose -3*n - 5*y = -9, 3*n = -0*y + 2*y + 9. Let f = 13 - 15. What are the prime factors of n - f*(2 - 1)?
5
Let j(o) = -o**2 + 2*o. Let y be j(2). Let z = 2 - y. Suppose -l - 5*t + 12 = 0, 18 = 2*l + z*l + 5*t. What are the prime factors of l?
2
Let f = -67 - -132. List the prime factors of f.
5, 13
List the prime factors of (-9)/6*48/(-18).
2
Suppose 1 = 4*j - 5*m - 4, -2 = -5*j + 2*m. Let z be (2 + j - 2)/2. Suppose z = 4*v - 11 - 37. What are the prime factors of v?
2, 3
Suppose a + 6 - 11 = 0. Suppose 2*k - 2*j + a = 3*j, -4*k + 3*j + 25 = 0. What are the prime factors of k?
2, 5
Let i = 14 - 7. Suppose 0 = -4*u - i - 5. List the prime factors of 2/(-3) - 26/u.
2
Let a(b) = b**2 - 6*b + 11. List the prime factors of a(4).
3
Let p(k) = k**3 + k**2 - 4. Let z be p(0). Let s be z/(-10) + (-340)/(-25). Let j = 7 + s. List the prime factors of j.
3, 7
Suppose 6*k + 4*s = 5*k